/(2/1850). Suppose 0 = -0*a - 5*a + f. Is a a composite number?
True
Let y = -5 - -5. Suppose y = 2*a + 3*a - 175. Is a composite?
True
Is ((-2502)/30)/(-1) - (-4)/(-10) composite?
False
Let a(t) = 8*t**2 + 4*t + 3. Is a(-1) composite?
False
Let l = 7 + -4. Suppose -r - 4 = -l*r. Suppose r*p - 350 = 20. Is p a composite number?
True
Let p(n) = 34*n**2 - 3*n + n + 1 - 2*n + 2. Is p(2) prime?
True
Let p(m) = -m**2 + 20*m + 50. Is p(19) prime?
False
Let q(c) = -c - 3. Let j be q(-5). Is j - -1 - -12*18 prime?
False
Suppose -6*c + 4332 + 22950 = 0. Is c a prime number?
True
Let r = -2537 - -5040. Is r prime?
True
Let m be (-4)/(-8) - (-1010)/4. Let z = m - 158. Is z prime?
False
Let d(f) = 2*f**2 + 8*f + 13. Is d(-11) a composite number?
False
Let k(u) = -u**2 + 9*u + 1. Let p(b) = -b**3 - 3*b**2 + 4*b + 4. Let i be p(-4). Is k(i) a prime number?
False
Let x(i) = -4*i + 2. Is x(-3) a prime number?
False
Suppose -73 = 5*c + 397. Let g be 786/4*6/9. Let i = g + c. Is i a composite number?
False
Suppose 4*j = -5 + 1. Is j/2*(-84)/2 a composite number?
True
Let w = -40 + 65. Is w composite?
True
Let q(i) = 2*i + 15. Let z be q(-14). Is (-10)/(-65) + (-1376)/z a composite number?
True
Let s = -434 - -95. Is 4*(-2 - s/4) composite?
False
Suppose -8*x = -10*x + 1158. Is x a composite number?
True
Let q be (4 + -3)/(1/13). Suppose j + 5*m = 22, 2*j - 7*j - 5*m + 10 = 0. Let k = j + q. Is k prime?
False
Let h be 6/27 - 1850/(-18). Let t = -48 + h. Is t composite?
True
Let j be 3 + -3 - 14 - 1. Is (1 + -2)/1*j a prime number?
False
Let m(v) = 7*v + 26. Is m(15) composite?
False
Suppose -g + 3*f = -14, 2*f = g - 5*g. Is g - ((-2 - -3) + -9) composite?
True
Suppose -614 = -2*w - 4*t, -3*w + 187 = t - 729. Is w composite?
True
Suppose 0*h - 2100 = -4*g + 4*h, 2*g = -5*h + 1036. Is g composite?
False
Suppose 2*i + 3*d = 44, -i - 4*d = -11 - 16. Is i a prime number?
True
Let h be (-2*1 - -1) + 1. Let w(z) = z + 69. Is w(h) prime?
False
Is (-446 - -3)/(-1 - 0) a composite number?
False
Let s = 15 - -8. Is s prime?
True
Suppose g - d - 2 = -3*d, -g = d. Let z be 1*g/((-4)/6). Suppose 0 = z*i - 3, 0 = -3*a - 5*i + 23 + 3. Is a a prime number?
True
Suppose 0 = 5*y - 3*g - 1111, -4*y + 1025 = -2*g + 137. Is y a prime number?
False
Suppose k + 8390 = 3*k. Suppose -2*m = 3*m - k. Is m a prime number?
True
Let v = 661 + -446. Let q = -129 + v. Is q composite?
True
Suppose 0 = -f + 91 + 86. Is f composite?
True
Let a(d) = d - 6. Let n be a(10). Suppose 0 = -4*w + n*j + 4, -2*w - 1 + 15 = 2*j. Is w a composite number?
True
Is 2165/4 - (-15)/(-60) composite?
False
Suppose 2*a + l - 82 = 0, -a - 4*l = -2*l - 35. Is a prime?
True
Suppose -3*t + 687 + 210 = 0. Is t a prime number?
False
Suppose 0 = 2*f - 6*o + o - 13, 19 = 5*f + o. Suppose -f*t = -7*t + 1170. Let n = t + -257. Is n a composite number?
True
Suppose -101 = 4*r + 79. Let i = 82 - r. Is i composite?
False
Suppose 0*r = -5*r - 15, -c - 3*r = 7. Let d be c + (288 - (1 - 4)). Suppose 0 = 5*p - d - 142. Is p a prime number?
False
Suppose -68 = -2*y - 0*y. Suppose 5*f + 61 = -y. Is (-3 + 2)/(1/f) a composite number?
False
Let a(p) = -13*p - 10. Is a(-5) a composite number?
True
Let z = -60 - -31. Let d = z + 54. Let j = d + 0. Is j prime?
False
Suppose r + 3*r = -k + 1151, -4*k + 4*r = -4604. Is k a composite number?
False
Let p = -27 + 374. Is p composite?
False
Suppose 2*d + o = -7, -2*d + 2*o = -o + 3. Is (d/(-9))/((-2)/(-1902)) a composite number?
False
Let a = -32 - -165. Is a composite?
True
Let g(m) = m**3 + 13*m**2 + 4*m - 11. Is g(-12) a composite number?
True
Suppose 4*w + w - 25 = 0. Suppose -149 - 11 = -w*i. Is 389/4 + (-8)/i composite?
False
Let v be (-16)/(-1 + 15/16). Let w = v + -141. Is w composite?
True
Let q(u) = u**3 - 4*u**2 + 12*u - 1. Is q(6) composite?
True
Suppose -2*r - 2*r - 2*s = -1788, 20 = -5*s. Is r composite?
False
Suppose 3*a = 2*b + 6, -2*a + 2 = -2*b - 4. Let k(d) = d + 9. Let v be k(a). Suppose -v + 39 = 3*q. Is q a composite number?
True
Let j = 4 + -7. Let t(c) = 12*c**2 - c + 4. Is t(j) composite?
True
Suppose b = 2, -5*v - 5*b - 8 + 43 = 0. Let a(q) = q - 3. Let s be a(v). Suppose -x - 4*l + 9 = 0, -s*l = -2*x - l + 18. Is x a prime number?
False
Let y(d) = 93*d**2 - 4*d + 3. Let l be y(2). Let i = 118 - l. Is (2/(6/i))/(-1) a prime number?
True
Let f be 12/4 - (-1650 + 2). Is 2*1*f/26 a prime number?
True
Suppose 5*b - 20 = -0*b. Suppose -9 + 29 = -4*c, b*l - 3*c = -657. Let h = -41 - l. Is h prime?
True
Let g(p) = -4 + 0 + 3*p - 2*p. Let n be g(6). Suppose 0 = -4*o + n + 10. Is o a composite number?
False
Let h(w) = 8*w - 2*w + 5*w + 2*w - 2. Let g be h(4). Let q = g + 77. Is q composite?
False
Let d be 30/4*(-8)/1. Let i = 86 + d. Suppose -21 = -b + i. Is b prime?
True
Suppose 12 - 2 = 5*a. Suppose a*h = -0*h + 14. Is h a prime number?
True
Let i be 16/(-24)*246/4. Let b = 74 + i. Is b a composite number?
True
Let x = 244 + 74. Let p = x + -161. Is p a prime number?
True
Let g(h) = h**3 + 5*h**2 - h - 4. Let y be g(-4). Suppose 3*n - 2*a - y = 0, 5*n + a - 26 = 4*a. Suppose -14 = -v - n*t, 2*v + 0*t = -t + 63. Is v composite?
True
Let g be 6*1 - 2 - 1. Let x be 4/6 - 2/g. Suppose x*t = 5*t - 235. Is t composite?
False
Let v(q) = q**2 + q - 6. Let l(k) = -1. Let m(t) = -6*l(t) + v(t). Let s be m(-1). Is -2 - (s + 1)*-27 a prime number?
False
Let n = 325 - 180. Is n composite?
True
Let n(s) = -s**2 + 14*s - 13. Let t be n(13). Suppose 4*g - 188 - 32 = t. Is g a prime number?
False
Suppose d - 9 = 2*x, -3 = 5*d + 3*x + 4. Suppose w = i + d + 30, -5*i + 185 = 5*w. Is w a prime number?
False
Let i = -2261 + 3660. Is i a prime number?
True
Let i(o) = -o**2 + 12*o - 3. Is i(6) prime?
False
Suppose 0*q - 4*q + 322 = 2*s, -3*q - s + 244 = 0. Is q composite?
False
Is (1 - 2)*5195/(-5) composite?
False
Suppose 0 = -6*p + p + 190. Let q = 61 - p. Is q composite?
False
Suppose 4*q = -2*h + 18, q + 3*h = -2*q + 21. Suppose -q*c + 2 + 0 = 0. Is -1 + 1 + 21/c a composite number?
True
Let v(h) = -40*h - 3. Is v(-11) a composite number?
True
Let i = -3 - -7. Suppose -2*f - 2 = 4, 0 = 5*l + i*f - 28. Let g = l + 7. Is g a composite number?
True
Suppose 7*y - 286 = 5*y. Is (y - 10)*(2 + -1) a composite number?
True
Suppose 4*s = 4*p + 179 + 217, p = 5*s - 499. Suppose 5*q - s = 25. Is q composite?
True
Let m(t) = -5 - 2 + 8 + 177*t. Let x be m(1). Suppose -4*k = 2*p - 58, -5*p - 13 = 5*k - x. Is p a composite number?
False
Let n(j) be the third derivative of -j**6/120 + j**5/10 - 5*j**4/24 - j**3 - j**2. Let z be n(5). Let h = z - -15. Is h a prime number?
False
Suppose 0 = 3*f - 2101 + 544. Is f prime?
False
Let f be 463 + 0 + -3 + 5. Suppose -4*c = c + f. Let d = c - -170. Is d prime?
False
Let f(x) = 15*x**2 + 6*x - 8. Let o be f(5). Suppose 3*j + 3*s = j + o, -5*j + 970 = 3*s. Is j a prime number?
True
Is -9 + 2907 - (4 + 1) composite?
True
Let y = 20 - 11. Suppose -f + 140 = 4*f. Suppose -w - y = -f. Is w a composite number?
False
Let i(g) = 4*g**2 + g**2 + 3 - 2*g + 16*g**2. Let d be i(-3). Suppose 3*s = 3*j + 156, 0*j + d = 4*s - 2*j. Is s a composite number?
False
Let j be 0/(-1) - (-2 - 6). Let y = j + -2. Is y a prime number?
False
Let l(v) = v**3 + 8*v**2 + 6*v - 4. Let c be l(-7). Let y(w) = -w**3 + 3*w**2 - 5*w - 8. Let q be y(-6). Suppose c*m = -79 + q. Is m prime?
True
Suppose 4*w + 4 = 0, q + w + 11 = 3*q. Suppose -q*g = -g + 24. Is (-2)/g - (-840)/18 a composite number?
False
Suppose -935 = -6*c + 4*c - l, -3*c + 3*l = -1416. Is c a prime number?
False
Suppose -4*p - 3*g = -0*g - 796, 4*p = -2*g + 796. Suppose 7*j - 6*j = p. Is j a composite number?
False
Let p(x) = -2*x - 13. Let r be p(-9). Suppose 4*u = 3*s + 2*s - 4, -4*u - r*s + 36 = 0. Suppose k = u*i - 146, 41 = i + k + k. Is i a composite number?
False
Let b(p) = -p**3 - 5*p**2 + 6*p - 5. Let j be b(-6). Let d = 42 + j. Is d prime?
True
Let p = -4 + 6. Let r(f) = -3*f**2 + 3*f**2 - f**2 + 8*f - 5 + 2*f**p. Is r(-10) prime?
False
Let i = 1011 + -536. Suppose -2*o + 1 = -d, -5*o + 10 = 2*d - 6. Suppose -207 - i = -o*h. Is h composite?
True
Suppose 0 = 4*k - z - 56, 5*k + 0*z - 67 = 2*z. Is k composite?
True
Let a = -3026 + 4329. Is a prime?
True
Let p = 65 - -11. Suppose -3*c = c - p. Is c composite?
False
Let g(z) = 